{"id":125,"date":"2020-10-21T19:15:52","date_gmt":"2020-10-21T19:15:52","guid":{"rendered":"http:\/\/10.1.99.112\/?page_id=125"},"modified":"2025-10-30T14:23:56","modified_gmt":"2025-10-30T17:23:56","slug":"ingreso-como-soldado","status":"publish","type":"page","link":"https:\/\/www.ejercito.mil.uy\/index.php\/ingreso-como-soldado\/","title":{"rendered":"Ingresa como Soldado"},"content":{"rendered":"\n<div style=\"height:40px\" aria-hidden=\"true\" class=\"wp-block-spacer\"><\/div>\n\n\n\n<figure class=\"wp-block-image size-large\"><img fetchpriority=\"high\" decoding=\"async\" width=\"1024\" height=\"683\" src=\"https:\/\/www.ejercito.mil.uy\/wp-content\/uploads\/2025\/10\/SOLDADO2026-1024x683.jpg\" alt=\"\" class=\"wp-image-50954\" srcset=\"https:\/\/www.ejercito.mil.uy\/wp-content\/uploads\/2025\/10\/SOLDADO2026-1024x683.jpg 1024w, https:\/\/www.ejercito.mil.uy\/wp-content\/uploads\/2025\/10\/SOLDADO2026-300x200.jpg 300w, https:\/\/www.ejercito.mil.uy\/wp-content\/uploads\/2025\/10\/SOLDADO2026.jpg 1200w\" sizes=\"(max-width: 1024px) 100vw, 1024px\" \/><\/figure>\n\n\n\n<div style=\"height:40px\" aria-hidden=\"true\" class=\"wp-block-spacer\"><\/div>\n\n\n\n<p class=\"has-black-color has-text-color has-link-color wp-elements-5739a3e8932ad2d9aaa3fdf8709d4f12\" style=\"font-size:33px\">Integra las filas de <em><strong>La Fuerza de todos<\/strong><\/em> <\/p>\n\n\n\n<div style=\"height:40px\" aria-hidden=\"true\" class=\"wp-block-spacer\"><\/div>\n\n\n\n<p class=\"has-black-color has-text-color has-link-color has-medium-font-size wp-elements-d99f03f6db72cf656e92d30543c904b6\"><strong>Requisitos para el ingreso como Soldado: <\/strong><\/p>\n\n\n\n<div style=\"height:44px\" aria-hidden=\"true\" class=\"wp-block-spacer\"><\/div>\n\n\n\n<p class=\"has-black-color has-text-color has-link-color wp-elements-fc11d313e3149a008159cf5eba5c4c60\">\ud83d\udccc 18 a\u00f1os de edad cumplidos al momento del ingreso.<\/p>\n\n\n\n<div style=\"height:33px\" aria-hidden=\"true\" class=\"wp-block-spacer\"><\/div>\n\n\n\n<p class=\"has-black-color has-text-color has-link-color wp-elements-33c89a361b972591751829a51e8e43ae\">\ud83d\udccc Ser ciudadano uruguayo natural o legal (en este caso con 3 a\u00f1os de ejercicio).<\/p>\n\n\n\n<div style=\"height:33px\" aria-hidden=\"true\" class=\"wp-block-spacer\"><\/div>\n\n\n\n<p class=\"has-black-color has-text-color has-link-color wp-elements-26db0ac6909c9806dbe9158e6cb899c4\">\ud83d\udccc No haber sido destituido de la funci\u00f3n p\u00fablica, o dado de baja de las Fuerzas Armadas por causal que legalmente implique la prohibici\u00f3n de reingreso.<\/p>\n\n\n\n<div style=\"height:33px\" aria-hidden=\"true\" class=\"wp-block-spacer\"><\/div>\n\n\n\n<p class=\"has-black-color has-text-color has-link-color wp-elements-3bb17dcd72a3e8107171b1abce59bfce\">\ud83d\udccc Tener aprobado Educaci\u00f3n Media B\u00e1sica Completa (3ro de Liceo). Sin perjuicio de ello, se podr\u00e1 admitir el ingreso con Educaci\u00f3n Primaria Completa. En este \u00faltimo caso deber\u00e1 completarse el requisito de la Educaci\u00f3n Media B\u00e1sica Completa en un plazo no mayor a 8 a\u00f1os a partir del ingreso, constituyendo su incumplimiento causal de no renovaci\u00f3n del contrato de servicio militar (baja).<\/p>\n\n\n\n<div style=\"height:33px\" aria-hidden=\"true\" class=\"wp-block-spacer\"><\/div>\n\n\n\n<p class=\"has-black-color has-text-color has-link-color wp-elements-ce703c163b4dff302c8093240a0d328b\">\ud83d\udccc Aprobar los ex\u00e1menes m\u00e9dicos, f\u00edsicos y psicol\u00f3gicos al momento del ingreso.<\/p>\n\n\n\n<div style=\"height:44px\" aria-hidden=\"true\" class=\"wp-block-spacer\"><\/div>\n\n\n\n<figure class=\"wp-block-embed is-type-video is-provider-youtube wp-block-embed-youtube wp-embed-aspect-16-9 wp-has-aspect-ratio\"><div class=\"wp-block-embed__wrapper\">\n<iframe title=\"\u00a1214\u00b0 aniversario del Ej\u00e9rcito Nacional!\" width=\"1778\" height=\"1000\" src=\"https:\/\/www.youtube.com\/embed\/jFcRi_cCOoE?feature=oembed\" frameborder=\"0\" allow=\"accelerometer; autoplay; clipboard-write; encrypted-media; gyroscope; picture-in-picture; web-share\" referrerpolicy=\"strict-origin-when-cross-origin\" allowfullscreen><\/iframe>\n<\/div><\/figure>\n\n\n\n<div style=\"height:86px\" aria-hidden=\"true\" class=\"wp-block-spacer\"><\/div>\n\n\n\n<p class=\"has-white-color has-text-color has-background\" style=\"background-color:#1f6728\"><strong>Documentaci\u00f3n a presentar por parte del postulante:<\/strong><\/p>\n\n\n\n<div style=\"height:86px\" aria-hidden=\"true\" class=\"wp-block-spacer\"><\/div>\n\n\n\n<p class=\"has-black-color has-text-color has-link-color wp-elements-96ccbd5b6eac609d5bcffdc3deb5c8be\">&#8211; C\u00e9dula de Identidad y Credencial C\u00edvica (original y copia)<\/p>\n\n\n\n<p class=\"has-black-color has-text-color has-link-color wp-elements-a6c311849d9a351182a26a574885707c\">&#8211; Certificado de antecedentes judiciales (vigencia 3 meses &#8211; <a href=\"https:\/\/www.gub.uy\/tramites\/certificado-antecedentes-judiciales\" target=\"_blank\" rel=\"noopener\" title=\"\">realice el tr\u00e1mite aqu\u00ed<\/a>)<\/p>\n\n\n\n<p class=\"has-black-color has-text-color has-link-color wp-elements-8d32b2dcf4cb9315ccf760acb0a5c4b1\">&#8211; 2 fotos tipo carn\u00e9 actuales<\/p>\n\n\n\n<p class=\"has-black-color has-text-color has-link-color wp-elements-3f0811e3d722ba1a63a96abb01493b03\">&#8211; Fotocopia de certificado de estudios<\/p>\n\n\n\n<p class=\"has-black-color has-text-color has-link-color wp-elements-29ab62940decd97131e8a579532b68b4\">&#8211; Certificado de Jura de la Bandera (si no lo tiene, deber\u00e1 tomar juramento)<\/p>\n\n\n\n<p class=\"has-black-color has-text-color has-link-color wp-elements-9e8f15d4521759f8379fea1285d044d6\">&#8211; Constancia de domicilio<\/p>\n\n\n\n<p class=\"has-black-color has-text-color has-link-color wp-elements-906ef5c00a3fb69cd26e18183f60342c\">&#8211; Constancia de voto<\/p>\n\n\n\n<p class=\"has-black-color has-text-color has-link-color wp-elements-dcef5f09392ac5ab4d6c2655dd9c3326\">&#8211; Si es reingreso, constancia de servicios prestados en la Unidad correspondiente<\/p>\n\n\n\n<p class=\"has-black-color has-text-color has-link-color wp-elements-2502e6e398587840be315582143beaf8\">&#8211; Fotocopia de carn\u00e9 de salud vigente<\/p>\n\n\n\n<p class=\"has-black-color has-text-color has-link-color wp-elements-d814ac4799c3164c05ab6fb1046a5d20\">&#8211; Resultado de estudio de H.I.V. (vigencia 3 meses)<\/p>\n\n\n\n<p class=\"has-black-color has-text-color has-link-color wp-elements-f5ba6bf2fb1f4994d65b849cf71d2590\">&#8211; Fotocopia de carn\u00e9 de vacunas<\/p>\n\n\n\n<p class=\"has-black-color has-text-color has-link-color wp-elements-9c0f209996f2dfb04e68b6e2a80c93c0\">&#8211; Resultado de estudio de P.A.P. (mujeres mayores de 21 a\u00f1os)<\/p>\n\n\n\n<div style=\"height:123px\" aria-hidden=\"true\" class=\"wp-block-spacer\"><\/div>\n","protected":false},"excerpt":{"rendered":"<p>Integra las filas de La Fuerza de todos Requisitos para el ingreso como Soldado: \ud83d\udccc 18 a\u00f1os de edad cumplidos al momento del ingreso. \ud83d\udccc Ser ciudadano uruguayo natural o legal (en este caso con 3 a\u00f1os de ejercicio). \ud83d\udccc No haber sido destituido de la funci\u00f3n p\u00fablica, o dado de baja de las Fuerzas <a href=\"https:\/\/www.ejercito.mil.uy\/index.php\/ingreso-como-soldado\/\" class=\"more-link\">&#8230;<span class=\"screen-reader-text\">  Ingresa como Soldado<\/span><\/a><\/p>\n","protected":false},"author":1,"featured_media":0,"parent":0,"menu_order":0,"comment_status":"closed","ping_status":"closed","template":"","meta":{"_coblocks_attr":"","_coblocks_dimensions":"","_coblocks_responsive_height":"","_coblocks_accordion_ie_support":"","_monsterinsights_skip_tracking":false,"_monsterinsights_sitenote_active":false,"_monsterinsights_sitenote_note":"","_monsterinsights_sitenote_category":0,"_uf_show_specific_survey":0,"_uf_disable_surveys":false,"footnotes":""},"class_list":["post-125","page","type-page","status-publish","hentry"],"aioseo_notices":[],"_links":{"self":[{"href":"https:\/\/www.ejercito.mil.uy\/index.php\/wp-json\/wp\/v2\/pages\/125","targetHints":{"allow":["GET"]}}],"collection":[{"href":"https:\/\/www.ejercito.mil.uy\/index.php\/wp-json\/wp\/v2\/pages"}],"about":[{"href":"https:\/\/www.ejercito.mil.uy\/index.php\/wp-json\/wp\/v2\/types\/page"}],"author":[{"embeddable":true,"href":"https:\/\/www.ejercito.mil.uy\/index.php\/wp-json\/wp\/v2\/users\/1"}],"replies":[{"embeddable":true,"href":"https:\/\/www.ejercito.mil.uy\/index.php\/wp-json\/wp\/v2\/comments?post=125"}],"version-history":[{"count":35,"href":"https:\/\/www.ejercito.mil.uy\/index.php\/wp-json\/wp\/v2\/pages\/125\/revisions"}],"predecessor-version":[{"id":50955,"href":"https:\/\/www.ejercito.mil.uy\/index.php\/wp-json\/wp\/v2\/pages\/125\/revisions\/50955"}],"wp:attachment":[{"href":"https:\/\/www.ejercito.mil.uy\/index.php\/wp-json\/wp\/v2\/media?parent=125"}],"curies":[{"name":"wp","href":"https:\/\/api.w.org\/{rel}","templated":true}]}}

<div style="height:40px" aria-hidden="true" class="wp-block-spacer"></div>



<figure class="wp-block-image size-large"><img fetchpriority="high" decoding="async" width="1024" height="683" src="https://www.ejercito.mil.uy/wp-content/uploads/2025/10/SOLDADO2026-1024x683.jpg" alt="" class="wp-image-50954" srcset="https://www.ejercito.mil.uy/wp-content/uploads/2025/10/SOLDADO2026-1024x683.jpg 1024w, https://www.ejercito.mil.uy/wp-content/uploads/2025/10/SOLDADO2026-300x200.jpg 300w, https://www.ejercito.mil.uy/wp-content/uploads/2025/10/SOLDADO2026.jpg 1200w" sizes="(max-width: 1024px) 100vw, 1024px" /></figure>



<div style="height:40px" aria-hidden="true" class="wp-block-spacer"></div>



<p class="has-black-color has-text-color has-link-color wp-elements-5739a3e8932ad2d9aaa3fdf8709d4f12" style="font-size:33px">Integra las filas de <em><strong>La Fuerza de todos</strong></em> </p>



<div style="height:40px" aria-hidden="true" class="wp-block-spacer"></div>



<p class="has-black-color has-text-color has-link-color has-medium-font-size wp-elements-d99f03f6db72cf656e92d30543c904b6"><strong>Requisitos para el ingreso como Soldado: </strong></p>



<div style="height:44px" aria-hidden="true" class="wp-block-spacer"></div>



<p class="has-black-color has-text-color has-link-color wp-elements-fc11d313e3149a008159cf5eba5c4c60">📌 18 años de edad cumplidos al momento del ingreso.</p>



<div style="height:33px" aria-hidden="true" class="wp-block-spacer"></div>



<p class="has-black-color has-text-color has-link-color wp-elements-33c89a361b972591751829a51e8e43ae">📌 Ser ciudadano uruguayo natural o legal (en este caso con 3 años de ejercicio).</p>



<div style="height:33px" aria-hidden="true" class="wp-block-spacer"></div>



<p class="has-black-color has-text-color has-link-color wp-elements-26db0ac6909c9806dbe9158e6cb899c4">📌 No haber sido destituido de la función pública, o dado de baja de las Fuerzas Armadas por causal que legalmente implique la prohibición de reingreso.</p>



<div style="height:33px" aria-hidden="true" class="wp-block-spacer"></div>



<p class="has-black-color has-text-color has-link-color wp-elements-3bb17dcd72a3e8107171b1abce59bfce">📌 Tener aprobado Educación Media Básica Completa (3ro de Liceo). Sin perjuicio de ello, se podrá admitir el ingreso con Educación Primaria Completa. En este último caso deberá completarse el requisito de la Educación Media Básica Completa en un plazo no mayor a 8 años a partir del ingreso, constituyendo su incumplimiento causal de no renovación del contrato de servicio militar (baja).</p>



<div style="height:33px" aria-hidden="true" class="wp-block-spacer"></div>



<p class="has-black-color has-text-color has-link-color wp-elements-ce703c163b4dff302c8093240a0d328b">📌 Aprobar los exámenes médicos, físicos y psicológicos al momento del ingreso.</p>



<div style="height:44px" aria-hidden="true" class="wp-block-spacer"></div>



<figure class="wp-block-embed is-type-video is-provider-youtube wp-block-embed-youtube wp-embed-aspect-16-9 wp-has-aspect-ratio"><div class="wp-block-embed__wrapper">
<iframe title="¡214° aniversario del Ejército Nacional!" width="1778" height="1000" src="https://www.youtube.com/embed/jFcRi_cCOoE?feature=oembed" frameborder="0" allow="accelerometer; autoplay; clipboard-write; encrypted-media; gyroscope; picture-in-picture; web-share" referrerpolicy="strict-origin-when-cross-origin" allowfullscreen></iframe>
</div></figure>



<div style="height:86px" aria-hidden="true" class="wp-block-spacer"></div>



<p class="has-white-color has-text-color has-background" style="background-color:#1f6728"><strong>Documentación a presentar por parte del postulante:</strong></p>



<div style="height:86px" aria-hidden="true" class="wp-block-spacer"></div>



<p class="has-black-color has-text-color has-link-color wp-elements-96ccbd5b6eac609d5bcffdc3deb5c8be">&#8211; Cédula de Identidad y Credencial Cívica (original y copia)</p>



<p class="has-black-color has-text-color has-link-color wp-elements-a6c311849d9a351182a26a574885707c">&#8211; Certificado de antecedentes judiciales (vigencia 3 meses &#8211; <a href="https://www.gub.uy/tramites/certificado-antecedentes-judiciales" target="_blank" rel="noopener" title="">realice el trámite aquí</a>)</p>



<p class="has-black-color has-text-color has-link-color wp-elements-8d32b2dcf4cb9315ccf760acb0a5c4b1">&#8211; 2 fotos tipo carné actuales</p>



<p class="has-black-color has-text-color has-link-color wp-elements-3f0811e3d722ba1a63a96abb01493b03">&#8211; Fotocopia de certificado de estudios</p>



<p class="has-black-color has-text-color has-link-color wp-elements-29ab62940decd97131e8a579532b68b4">&#8211; Certificado de Jura de la Bandera (si no lo tiene, deberá tomar juramento)</p>



<p class="has-black-color has-text-color has-link-color wp-elements-9e8f15d4521759f8379fea1285d044d6">&#8211; Constancia de domicilio</p>



<p class="has-black-color has-text-color has-link-color wp-elements-906ef5c00a3fb69cd26e18183f60342c">&#8211; Constancia de voto</p>



<p class="has-black-color has-text-color has-link-color wp-elements-dcef5f09392ac5ab4d6c2655dd9c3326">&#8211; Si es reingreso, constancia de servicios prestados en la Unidad correspondiente</p>



<p class="has-black-color has-text-color has-link-color wp-elements-2502e6e398587840be315582143beaf8">&#8211; Fotocopia de carné de salud vigente</p>



<p class="has-black-color has-text-color has-link-color wp-elements-d814ac4799c3164c05ab6fb1046a5d20">&#8211; Resultado de estudio de H.I.V. (vigencia 3 meses)</p>



<p class="has-black-color has-text-color has-link-color wp-elements-f5ba6bf2fb1f4994d65b849cf71d2590">&#8211; Fotocopia de carné de vacunas</p>



<p class="has-black-color has-text-color has-link-color wp-elements-9c0f209996f2dfb04e68b6e2a80c93c0">&#8211; Resultado de estudio de P.A.P. (mujeres mayores de 21 años)</p>



<div style="height:123px" aria-hidden="true" class="wp-block-spacer"></div>

<p>Integra las filas de La Fuerza de todos Requisitos para el ingreso como Soldado: 📌 18 años de edad cumplidos al momento del ingreso. 📌 Ser ciudadano uruguayo natural o legal (en este caso con 3 años de ejercicio). 📌 No haber sido destituido de la función pública, o dado de baja de las Fuerzas <a href="https://www.ejercito.mil.uy/index.php/ingreso-como-soldado/" class="more-link">&#8230;<span class="screen-reader-text">  Ingresa como Soldado</span></a></p>
