{"id":223,"date":"2020-12-04T11:57:58","date_gmt":"2020-12-04T14:57:58","guid":{"rendered":"http:\/\/10.1.99.112\/?page_id=223"},"modified":"2026-02-27T13:19:32","modified_gmt":"2026-02-27T16:19:32","slug":"mision_y_vision","status":"publish","type":"page","link":"https:\/\/www.ejercito.mil.uy\/index.php\/mision_y_vision\/","title":{"rendered":"Misi\u00f3n y Visi\u00f3n"},"content":{"rendered":"\n<div style=\"height:22px\" aria-hidden=\"true\" class=\"wp-block-spacer\"><\/div>\n\n\n\n<div class=\"wp-block-cover\"><img fetchpriority=\"high\" decoding=\"async\" width=\"6016\" height=\"4016\" class=\"wp-block-cover__image-background wp-image-35\" alt=\"Defensa\" src=\"https:\/\/www.ejercito.mil.uy\/wp-content\/uploads\/2020\/10\/Sea-soldado.jpg\" style=\"object-position:26% 73%\" data-object-fit=\"cover\" data-object-position=\"26% 73%\" srcset=\"https:\/\/www.ejercito.mil.uy\/wp-content\/uploads\/2020\/10\/Sea-soldado.jpg 6016w, https:\/\/www.ejercito.mil.uy\/wp-content\/uploads\/2020\/10\/Sea-soldado-300x200.jpg 300w, https:\/\/www.ejercito.mil.uy\/wp-content\/uploads\/2020\/10\/Sea-soldado-1024x684.jpg 1024w\" sizes=\"(max-width: 6016px) 100vw, 6016px\" \/><span aria-hidden=\"true\" class=\"wp-block-cover__background has-background-dim\"><\/span><div class=\"wp-block-cover__inner-container is-layout-flow wp-block-cover-is-layout-flow\">\n<p class=\"has-text-align-center has-large-font-size\"><\/p>\n<\/div><\/div>\n\n\n\n<p class=\"has-medium-font-size\"><strong> <strong>Misi\u00f3n del Ej\u00e9rcito Nacional <\/strong> <\/strong><\/p>\n\n\n\n<div style=\"height:46px\" aria-hidden=\"true\" class=\"wp-block-spacer\"><\/div>\n\n\n\n<p class=\"has-black-color has-text-color has-link-color wp-elements-296ebd32a1bb242bbc9c58d0d3abd589\" style=\"font-size:19px\"><em>El Ej\u00e9rcito Nacional constituye la rama de las Fuerzas Armadas organizada, equipada, instruida y entrenada para planificar, preparar, ejecutar y conducir los actos militares que imponga la Defensa Nacional en el \u00e1mbito Terrestre, solo o en cooperaci\u00f3n con los dem\u00e1s componentes de las Fuerzas Armadas.<\/em> <\/p>\n\n\n\n<div style=\"height:33px\" aria-hidden=\"true\" class=\"wp-block-spacer\"><\/div>\n\n\n\n<p class=\"has-black-color has-text-color has-link-color wp-elements-44d37dee7db2bfe2b7cf319061f383f4\" style=\"font-size:16px\"><em><a href=\"https:\/\/www.impo.com.uy\/bases\/decretos-ley\/15688-1984\/1\" title=\"\">&nbsp;\u2013 Art. N\u00b0 1 de la Ley Org\u00e1nica del Ej\u00e9rcito Nacional, Decreto de&nbsp;Ley N\u00b0 15.688<\/a><\/em><\/p>\n\n\n\n<div style=\"height:49px\" aria-hidden=\"true\" class=\"wp-block-spacer\"><\/div>\n\n\n\n<figure class=\"wp-block-gallery has-nested-images columns-default is-cropped wp-block-gallery-1 is-layout-flex wp-block-gallery-is-layout-flex\">\n<figure class=\"wp-block-image size-large\"><img decoding=\"async\" width=\"1024\" height=\"683\" data-id=\"4342\" src=\"https:\/\/www.ejercito.mil.uy\/wp-content\/uploads\/2021\/06\/Maniobra-2-1-1024x683.jpg\" alt=\"\" class=\"wp-image-4342\" srcset=\"https:\/\/www.ejercito.mil.uy\/wp-content\/uploads\/2021\/06\/Maniobra-2-1-1024x683.jpg 1024w, https:\/\/www.ejercito.mil.uy\/wp-content\/uploads\/2021\/06\/Maniobra-2-1-300x200.jpg 300w, https:\/\/www.ejercito.mil.uy\/wp-content\/uploads\/2021\/06\/Maniobra-2-1.jpg 1200w\" sizes=\"(max-width: 1024px) 100vw, 1024px\" \/><\/figure>\n<\/figure>\n\n\n\n<div style=\"height:53px\" aria-hidden=\"true\" class=\"wp-block-spacer\"><\/div>\n\n\n\n<p class=\"has-black-color has-text-color has-link-color wp-elements-432560c13bda3cd4429faa9d47cd4765\" style=\"font-size:22px\"><strong>Visi\u00f3n del Ej\u00e9rcito Nacional <\/strong><\/p>\n\n\n\n<div style=\"height:33px\" aria-hidden=\"true\" class=\"wp-block-spacer\"><\/div>\n\n\n\n<p class=\"has-black-color has-text-color has-link-color wp-elements-2ef2e132c5f65baa825cb26868b31a33\" style=\"font-size:18px\">Constituir una <strong>Fuerza Operativa sustentable y eficiente, permanentemente organizada, equipada, instruida, entrenada, educada y motivada profesionalmente<\/strong>, acorde a las necesidades y posibilidades del pa\u00eds, que sea valorizada en su rol dentro de la sociedad, de manera de ser merecedora de su confianza y consideraci\u00f3n.<\/p>\n\n\n\n<div style=\"height:41px\" aria-hidden=\"true\" class=\"wp-block-spacer\"><\/div>\n\n\n\n<p class=\"has-black-color has-text-color has-link-color wp-elements-1555d54d1c80c7cf25373816708972d0\">Deber\u00e1 estar en condiciones de adaptarse a las distintas misiones que se derivan de los escenarios actuales y futuros, sin que ello signifique la p\u00e9rdida de su aptitud para el cumplimiento de su Misi\u00f3n Fundamental, as\u00ed como de modernizarse acorde a los lineamientos aceptados y aprobados por la conducci\u00f3n pol\u00edtica del Estado. &nbsp;<\/p>\n\n\n\n<div style=\"height:41px\" aria-hidden=\"true\" class=\"wp-block-spacer\"><\/div>\n\n\n\n<p class=\"has-black-color has-text-color has-link-color wp-elements-029dbf6364c0b20add5e3926697c94fd\">Dotada de capacidades operacionales que contribuyan militarmente a la defensa de los intereses nacionales dentro y fuera del territorio nacional, en el marco del estricto respeto por la Constituci\u00f3n y la Ley.<\/p>\n\n\n\n<div style=\"height:41px\" aria-hidden=\"true\" class=\"wp-block-spacer\"><\/div>\n\n\n\n<p class=\"has-black-color has-text-color has-link-color wp-elements-43eec71667b983395bf3a899258c74b9\">Principios y valores: Patriotismo, Honor, Cohesi\u00f3n, Probidad. &nbsp;<\/p>\n\n\n\n<div style=\"height:33px\" aria-hidden=\"true\" class=\"wp-block-spacer\"><\/div>\n\n\n\n<figure class=\"wp-block-gallery has-nested-images columns-default is-cropped wp-block-gallery-2 is-layout-flex wp-block-gallery-is-layout-flex\">\n<figure class=\"wp-block-image size-large\"><img decoding=\"async\" width=\"1024\" height=\"683\" data-id=\"19558\" src=\"https:\/\/www.ejercito.mil.uy\/wp-content\/uploads\/2023\/03\/DEFENSA-1024x683.jpg\" alt=\"\" class=\"wp-image-19558\" srcset=\"https:\/\/www.ejercito.mil.uy\/wp-content\/uploads\/2023\/03\/DEFENSA-1024x683.jpg 1024w, https:\/\/www.ejercito.mil.uy\/wp-content\/uploads\/2023\/03\/DEFENSA-300x200.jpg 300w, https:\/\/www.ejercito.mil.uy\/wp-content\/uploads\/2023\/03\/DEFENSA.jpg 1200w\" sizes=\"(max-width: 1024px) 100vw, 1024px\" \/><\/figure>\n<\/figure>\n\n\n\n<div style=\"height:75px\" aria-hidden=\"true\" class=\"wp-block-spacer\"><\/div>\n\n\n\n<p style=\"font-size:22px\"> <strong>Defensa <\/strong> <\/p>\n\n\n\n<div style=\"height:40px\" aria-hidden=\"true\" class=\"wp-block-spacer\"><\/div>\n\n\n\n<p class=\"has-black-color has-text-color has-link-color wp-elements-5b84626f1efc829e5f3b32bcaf67232b\" style=\"font-size:18px\">El marco legal que ampara la misi\u00f3n fundamental del Ej\u00e9rcito Nacional son la <strong><a href=\"https:\/\/www.impo.com.uy\/bases\/leyes\/18650-2010\" title=\"\">Ley Marco de Defensa Nacional No. 18.650<\/a><\/strong>, la <a href=\"https:\/\/www.impo.com.uy\/bases\/decretos-ley\/14157-1974\" title=\"\"><strong>Ley Org\u00e1nica de las Fuerzas Armadas No. 14.157<\/strong><\/a> y la <a href=\"https:\/\/www.impo.com.uy\/bases\/decretos-ley\/15688-1984\" title=\"\"><strong>Ley Org\u00e1nica del Ej\u00e9rcito Nacional No. 15.688<\/strong><\/a>.<\/p>\n\n\n\n<div style=\"height:40px\" aria-hidden=\"true\" class=\"wp-block-spacer\"><\/div>\n\n\n\n<p class=\"has-black-color has-text-color has-link-color wp-elements-195b845b15e882a7ac1f243e6abb0a2c\" style=\"font-size:18px\">Asimismo se establecen definiciones conceptuales en el <a href=\"https:\/\/www.impo.com.uy\/bases\/decretos\/105-2014\" title=\"\"><strong>Decreto 105\/014<\/strong><\/a> Pol\u00edtica de Defensa Nacional y en el <a href=\"https:\/\/www.impo.com.uy\/bases\/decretos-originales\/129-2016\" title=\"\"><strong>Decreto 129\/016<\/strong><\/a>, Pol\u00edtica Militar de Defensa.<\/p>\n\n\n\n<div style=\"height:40px\" aria-hidden=\"true\" class=\"wp-block-spacer\"><\/div>\n\n\n\n<p class=\"has-black-color has-text-color has-link-color wp-elements-9f04611cf9988ba3ef1700a7a32ec7f9\" style=\"font-size:18px\">Acorde a estas normativas, se entiende a la Defensa Nacional como el conjunto de actividades civiles y militares dirigidas a preservar la soberan\u00eda e independencia, la integridad territorial y los recursos estrat\u00e9gicos del Uruguay, con la finalidad de garantizar el bienestar presente y futuro de la Poblaci\u00f3n. Debemos considerar que la Defensa Nacional es un bien indelegable del Estado Uruguayo y su accionar es permanente.<\/p>\n\n\n\n<div style=\"height:40px\" aria-hidden=\"true\" class=\"wp-block-spacer\"><\/div>\n\n\n\n<p class=\"has-black-color has-text-color has-link-color wp-elements-8592a54ae1e3263ffd29d59b7ef18db9\" style=\"font-size:18px\">Acceda a m\u00e1s informaci\u00f3n sobre Defensa en el sitio web del <a href=\"https:\/\/www.gub.uy\/ministerio-defensa-nacional\/institucional\/plan-estrategico\/plan-estrategico\" target=\"_blank\" rel=\"noreferrer noopener\">Ministerio de Defensa<\/a>.<\/p>\n\n\n\n<div style=\"height:100px\" aria-hidden=\"true\" class=\"wp-block-spacer\"><\/div>\n","protected":false},"excerpt":{"rendered":"<p>Misi\u00f3n del Ej\u00e9rcito Nacional El Ej\u00e9rcito Nacional constituye la rama de las Fuerzas Armadas organizada, equipada, instruida y entrenada para planificar, preparar, ejecutar y conducir los actos militares que imponga la Defensa Nacional en el \u00e1mbito Terrestre, solo o en cooperaci\u00f3n con los dem\u00e1s componentes de las Fuerzas Armadas. &nbsp;\u2013 Art. N\u00b0 1 de la <a href=\"https:\/\/www.ejercito.mil.uy\/index.php\/mision_y_vision\/\" class=\"more-link\">&#8230;<span class=\"screen-reader-text\">  Misi\u00f3n y Visi\u00f3n<\/span><\/a><\/p>\n","protected":false},"author":3,"featured_media":0,"parent":0,"menu_order":0,"comment_status":"closed","ping_status":"closed","template":"","meta":{"_coblocks_attr":"","_coblocks_dimensions":"","_coblocks_responsive_height":"","_coblocks_accordion_ie_support":"","_monsterinsights_skip_tracking":false,"_monsterinsights_sitenote_active":false,"_monsterinsights_sitenote_note":"","_monsterinsights_sitenote_category":0,"_uf_show_specific_survey":0,"_uf_disable_surveys":false,"footnotes":""},"class_list":["post-223","page","type-page","status-publish","hentry"],"aioseo_notices":[],"_links":{"self":[{"href":"https:\/\/www.ejercito.mil.uy\/index.php\/wp-json\/wp\/v2\/pages\/223","targetHints":{"allow":["GET"]}}],"collection":[{"href":"https:\/\/www.ejercito.mil.uy\/index.php\/wp-json\/wp\/v2\/pages"}],"about":[{"href":"https:\/\/www.ejercito.mil.uy\/index.php\/wp-json\/wp\/v2\/types\/page"}],"author":[{"embeddable":true,"href":"https:\/\/www.ejercito.mil.uy\/index.php\/wp-json\/wp\/v2\/users\/3"}],"replies":[{"embeddable":true,"href":"https:\/\/www.ejercito.mil.uy\/index.php\/wp-json\/wp\/v2\/comments?post=223"}],"version-history":[{"count":28,"href":"https:\/\/www.ejercito.mil.uy\/index.php\/wp-json\/wp\/v2\/pages\/223\/revisions"}],"predecessor-version":[{"id":55305,"href":"https:\/\/www.ejercito.mil.uy\/index.php\/wp-json\/wp\/v2\/pages\/223\/revisions\/55305"}],"wp:attachment":[{"href":"https:\/\/www.ejercito.mil.uy\/index.php\/wp-json\/wp\/v2\/media?parent=223"}],"curies":[{"name":"wp","href":"https:\/\/api.w.org\/{rel}","templated":true}]}}

Misión y Visión

<div style="height:22px" aria-hidden="true" class="wp-block-spacer"></div>



<div class="wp-block-cover"><img fetchpriority="high" decoding="async" width="6016" height="4016" class="wp-block-cover__image-background wp-image-35" alt="Defensa" src="https://www.ejercito.mil.uy/wp-content/uploads/2020/10/Sea-soldado.jpg" style="object-position:26% 73%" data-object-fit="cover" data-object-position="26% 73%" srcset="https://www.ejercito.mil.uy/wp-content/uploads/2020/10/Sea-soldado.jpg 6016w, https://www.ejercito.mil.uy/wp-content/uploads/2020/10/Sea-soldado-300x200.jpg 300w, https://www.ejercito.mil.uy/wp-content/uploads/2020/10/Sea-soldado-1024x684.jpg 1024w" sizes="(max-width: 6016px) 100vw, 6016px" /><span aria-hidden="true" class="wp-block-cover__background has-background-dim"></span><div class="wp-block-cover__inner-container is-layout-flow wp-block-cover-is-layout-flow">
<p class="has-text-align-center has-large-font-size"></p>
</div></div>



<p class="has-medium-font-size"><strong> <strong>Misión del Ejército Nacional </strong> </strong></p>



<div style="height:46px" aria-hidden="true" class="wp-block-spacer"></div>



<p class="has-black-color has-text-color has-link-color wp-elements-296ebd32a1bb242bbc9c58d0d3abd589" style="font-size:19px"><em>El Ejército Nacional constituye la rama de las Fuerzas Armadas organizada, equipada, instruida y entrenada para planificar, preparar, ejecutar y conducir los actos militares que imponga la Defensa Nacional en el ámbito Terrestre, solo o en cooperación con los demás componentes de las Fuerzas Armadas.</em> </p>



<div style="height:33px" aria-hidden="true" class="wp-block-spacer"></div>



<p class="has-black-color has-text-color has-link-color wp-elements-44d37dee7db2bfe2b7cf319061f383f4" style="font-size:16px"><em><a href="https://www.impo.com.uy/bases/decretos-ley/15688-1984/1" title="">&nbsp;– Art. N° 1 de la Ley Orgánica del Ejército Nacional, Decreto de&nbsp;Ley N° 15.688</a></em></p>



<div style="height:49px" aria-hidden="true" class="wp-block-spacer"></div>



<figure class="wp-block-gallery has-nested-images columns-default is-cropped wp-block-gallery-1 is-layout-flex wp-block-gallery-is-layout-flex">
<figure class="wp-block-image size-large"><img decoding="async" width="1024" height="683" data-id="4342" src="https://www.ejercito.mil.uy/wp-content/uploads/2021/06/Maniobra-2-1-1024x683.jpg" alt="" class="wp-image-4342" srcset="https://www.ejercito.mil.uy/wp-content/uploads/2021/06/Maniobra-2-1-1024x683.jpg 1024w, https://www.ejercito.mil.uy/wp-content/uploads/2021/06/Maniobra-2-1-300x200.jpg 300w, https://www.ejercito.mil.uy/wp-content/uploads/2021/06/Maniobra-2-1.jpg 1200w" sizes="(max-width: 1024px) 100vw, 1024px" /></figure>
</figure>



<div style="height:53px" aria-hidden="true" class="wp-block-spacer"></div>



<p class="has-black-color has-text-color has-link-color wp-elements-432560c13bda3cd4429faa9d47cd4765" style="font-size:22px"><strong>Visión del Ejército Nacional </strong></p>



<div style="height:33px" aria-hidden="true" class="wp-block-spacer"></div>



<p class="has-black-color has-text-color has-link-color wp-elements-2ef2e132c5f65baa825cb26868b31a33" style="font-size:18px">Constituir una <strong>Fuerza Operativa sustentable y eficiente, permanentemente organizada, equipada, instruida, entrenada, educada y motivada profesionalmente</strong>, acorde a las necesidades y posibilidades del país, que sea valorizada en su rol dentro de la sociedad, de manera de ser merecedora de su confianza y consideración.</p>



<div style="height:41px" aria-hidden="true" class="wp-block-spacer"></div>



<p class="has-black-color has-text-color has-link-color wp-elements-1555d54d1c80c7cf25373816708972d0">Deberá estar en condiciones de adaptarse a las distintas misiones que se derivan de los escenarios actuales y futuros, sin que ello signifique la pérdida de su aptitud para el cumplimiento de su Misión Fundamental, así como de modernizarse acorde a los lineamientos aceptados y aprobados por la conducción política del Estado. &nbsp;</p>



<div style="height:41px" aria-hidden="true" class="wp-block-spacer"></div>



<p class="has-black-color has-text-color has-link-color wp-elements-029dbf6364c0b20add5e3926697c94fd">Dotada de capacidades operacionales que contribuyan militarmente a la defensa de los intereses nacionales dentro y fuera del territorio nacional, en el marco del estricto respeto por la Constitución y la Ley.</p>



<div style="height:41px" aria-hidden="true" class="wp-block-spacer"></div>



<p class="has-black-color has-text-color has-link-color wp-elements-43eec71667b983395bf3a899258c74b9">Principios y valores: Patriotismo, Honor, Cohesión, Probidad. &nbsp;</p>



<div style="height:33px" aria-hidden="true" class="wp-block-spacer"></div>



<figure class="wp-block-gallery has-nested-images columns-default is-cropped wp-block-gallery-2 is-layout-flex wp-block-gallery-is-layout-flex">
<figure class="wp-block-image size-large"><img decoding="async" width="1024" height="683" data-id="19558" src="https://www.ejercito.mil.uy/wp-content/uploads/2023/03/DEFENSA-1024x683.jpg" alt="" class="wp-image-19558" srcset="https://www.ejercito.mil.uy/wp-content/uploads/2023/03/DEFENSA-1024x683.jpg 1024w, https://www.ejercito.mil.uy/wp-content/uploads/2023/03/DEFENSA-300x200.jpg 300w, https://www.ejercito.mil.uy/wp-content/uploads/2023/03/DEFENSA.jpg 1200w" sizes="(max-width: 1024px) 100vw, 1024px" /></figure>
</figure>



<div style="height:75px" aria-hidden="true" class="wp-block-spacer"></div>



<p style="font-size:22px"> <strong>Defensa </strong> </p>



<div style="height:40px" aria-hidden="true" class="wp-block-spacer"></div>



<p class="has-black-color has-text-color has-link-color wp-elements-5b84626f1efc829e5f3b32bcaf67232b" style="font-size:18px">El marco legal que ampara la misión fundamental del Ejército Nacional son la <strong><a href="https://www.impo.com.uy/bases/leyes/18650-2010" title="">Ley Marco de Defensa Nacional No. 18.650</a></strong>, la <a href="https://www.impo.com.uy/bases/decretos-ley/14157-1974" title=""><strong>Ley Orgánica de las Fuerzas Armadas No. 14.157</strong></a> y la <a href="https://www.impo.com.uy/bases/decretos-ley/15688-1984" title=""><strong>Ley Orgánica del Ejército Nacional No. 15.688</strong></a>.</p>



<div style="height:40px" aria-hidden="true" class="wp-block-spacer"></div>



<p class="has-black-color has-text-color has-link-color wp-elements-195b845b15e882a7ac1f243e6abb0a2c" style="font-size:18px">Asimismo se establecen definiciones conceptuales en el <a href="https://www.impo.com.uy/bases/decretos/105-2014" title=""><strong>Decreto 105/014</strong></a> Política de Defensa Nacional y en el <a href="https://www.impo.com.uy/bases/decretos-originales/129-2016" title=""><strong>Decreto 129/016</strong></a>, Política Militar de Defensa.</p>



<div style="height:40px" aria-hidden="true" class="wp-block-spacer"></div>



<p class="has-black-color has-text-color has-link-color wp-elements-9f04611cf9988ba3ef1700a7a32ec7f9" style="font-size:18px">Acorde a estas normativas, se entiende a la Defensa Nacional como el conjunto de actividades civiles y militares dirigidas a preservar la soberanía e independencia, la integridad territorial y los recursos estratégicos del Uruguay, con la finalidad de garantizar el bienestar presente y futuro de la Población. Debemos considerar que la Defensa Nacional es un bien indelegable del Estado Uruguayo y su accionar es permanente.</p>



<div style="height:40px" aria-hidden="true" class="wp-block-spacer"></div>



<p class="has-black-color has-text-color has-link-color wp-elements-8592a54ae1e3263ffd29d59b7ef18db9" style="font-size:18px">Acceda a más información sobre Defensa en el sitio web del <a href="https://www.gub.uy/ministerio-defensa-nacional/institucional/plan-estrategico/plan-estrategico" target="_blank" rel="noreferrer noopener">Ministerio de Defensa</a>.</p>



<div style="height:100px" aria-hidden="true" class="wp-block-spacer"></div>

<p>Misión del Ejército Nacional El Ejército Nacional constituye la rama de las Fuerzas Armadas organizada, equipada, instruida y entrenada para planificar, preparar, ejecutar y conducir los actos militares que imponga la Defensa Nacional en el ámbito Terrestre, solo o en cooperación con los demás componentes de las Fuerzas Armadas. &nbsp;– Art. N° 1 de la <a href="https://www.ejercito.mil.uy/index.php/mision_y_vision/" class="more-link">&#8230;<span class="screen-reader-text">  Misión y Visión</span></a></p>
