{"id":286,"date":"2020-12-11T20:20:57","date_gmt":"2020-12-11T23:20:57","guid":{"rendered":"http:\/\/10.1.99.112\/?page_id=286"},"modified":"2025-12-16T09:57:39","modified_gmt":"2025-12-16T12:57:39","slug":"escuela-de-musicos-del-ejercito","status":"publish","type":"page","link":"https:\/\/www.ejercito.mil.uy\/index.php\/escuela-de-musicos-del-ejercito\/","title":{"rendered":"Escuela de M\u00fasicos del Ej\u00e9rcito"},"content":{"rendered":"\n<figure class=\"wp-block-embed is-type-video is-provider-youtube wp-block-embed-youtube wp-embed-aspect-16-9 wp-has-aspect-ratio\"><div class=\"wp-block-embed__wrapper\">\n<iframe title=\"Vos pod\u00e9s ser M\u00fasico Militar\" width=\"1778\" height=\"1000\" src=\"https:\/\/www.youtube.com\/embed\/Y67aqGZIwHw?feature=oembed\" frameborder=\"0\" allow=\"accelerometer; autoplay; clipboard-write; encrypted-media; gyroscope; picture-in-picture; web-share\" referrerpolicy=\"strict-origin-when-cross-origin\" allowfullscreen><\/iframe>\n<\/div><\/figure>\n\n\n\n<div style=\"height:55px\" aria-hidden=\"true\" class=\"wp-block-spacer\"><\/div>\n\n\n\n<p class=\"has-white-color has-luminous-vivid-orange-background-color has-text-color has-background has-link-color has-large-font-size wp-elements-69dd1480edb538f2b67c2e2b712b6968\" style=\"font-size:20px\"><strong>Vos pod\u00e9s ser M\u00fasico Militar<\/strong><\/p>\n\n\n\n<div style=\"height:33px\" aria-hidden=\"true\" class=\"wp-block-spacer\"><\/div>\n\n\n\n<p class=\"has-black-color has-text-color has-link-color wp-elements-38d689c6f78db3d58caa3e8ea670819f\" style=\"font-size:18px\">Ingresar a la <strong>Escuela de M\u00fasicos del Ej\u00e9rcito \u00abMayor (BM) Duncan Sadi Baco\u00bb<\/strong> te permitir\u00e1 formarte en el nivel B\u00e1sico de Aprendiz (Nivel 1er a\u00f1o), lo que habilita posteriormente a capacitase como 2\u00ba Maestro y Maestro de Bandas Militares, culminar Bachillerato en UTU a trav\u00e9s de la tecnicatura en M\u00fasica y finalmente, ser <strong>Oficial de Bandas Militares<\/strong>. <\/p>\n\n\n\n<p class=\"has-black-color has-text-color has-link-color wp-elements-ec12ddf39d79465f8e97cba2f8a201d7\" style=\"font-size:18px\">\ud83d\udcccDuraci\u00f3n para ser M\u00fasico Militar: 2 a\u00f1os<\/p>\n\n\n\n<div style=\"height:55px\" aria-hidden=\"true\" class=\"wp-block-spacer\"><\/div>\n\n\n\n<p class=\"has-black-color has-text-color has-background has-link-color wp-elements-c4042b78cad38e78b3d702e34743aae9\" style=\"background-color:#ffdfb8\"><strong>Fecha de inicio de las inscripciones: 16 de diciembre del 2025<\/strong><br><strong>Fecha l\u00edmite de inscripci\u00f3n: 02 de febrero del 2026<\/strong><\/p>\n\n\n\n<div style=\"height:55px\" aria-hidden=\"true\" class=\"wp-block-spacer\"><\/div>\n\n\n\n<p class=\"has-black-color has-text-color has-link-color wp-elements-4dad4490c81bb87909651687ba56783f\"><strong>Requisitos:<br><\/strong>\ud83d\udccc Ser uruguayo (ciudadano natural o legal con 3 a\u00f1os de ejercicio)<\/p>\n\n\n\n<p class=\"has-black-color has-text-color has-link-color wp-elements-7563918f8d2cb82aaa4dc9cbe3995601\">\ud83d\udccc Tener 16 a\u00f1os cumplidos y hasta 19 a\u00f1os de edad cumplidos al <strong>1 de marzo de 2026<\/strong><\/p>\n\n\n\n<p class=\"has-black-color has-text-color has-link-color wp-elements-2951fd14b46a36e51925752a4551942f\">\ud83d\udccc Tener 1er. a\u00f1o de Ciclo B\u00e1sico aprobado   <\/p>\n\n\n\n<p class=\"has-black-color has-text-color has-link-color wp-elements-04447f21867c64d8233fd356790c0b93\">\ud83d\udccc Concursar para obtener beca<\/p>\n\n\n\n<p class=\"has-black-color has-text-color has-link-color wp-elements-ba041936cb3afd3c736d2756e17634a2\">\ud83d\udccc Ser apto f\u00edsica y psicol\u00f3gicamente <\/p>\n\n\n\n<div style=\"height:55px\" aria-hidden=\"true\" class=\"wp-block-spacer\"><\/div>\n\n\n\n<p class=\"has-black-color has-text-color has-link-color wp-elements-dbd41d4aea0aa31129485f44c3cf778a\">Por m\u00e1s informaci\u00f3n comunicarse con la <strong>EMUSE<\/strong> al tel\u00e9fono <strong>2514 5824<\/strong> int. <strong>114<\/strong> o a trav\u00e9s del correo electr\u00f3nico: <a href=\"mailto:secretariaemuse@ejercito.mil.uy\"><strong>docenteemuse@imae.edu.uy<\/strong><\/a><\/p>\n\n\n\n<div style=\"height:33px\" aria-hidden=\"true\" class=\"wp-block-spacer\"><\/div>\n\n\n\n<p class=\"has-black-color has-text-color has-background has-link-color wp-elements-926ca346d6ba8cdc5d9081f884de1c24\" style=\"background-color:#ffdfb8\"><strong>Formularios de inscripci\u00f3n:<\/strong><\/p>\n\n\n\n<div style=\"height:33px\" aria-hidden=\"true\" class=\"wp-block-spacer\"><\/div>\n\n\n\n<div class=\"wp-block-file aligncenter\"><a id=\"wp-block-file--media-9295596d-3d60-45ba-a08c-17ad27768782\" href=\"https:\/\/www.ejercito.mil.uy\/wp-content\/uploads\/2024\/12\/SOLICITUD-DE-INGRESO-MENORES-DE-EDAD.docx\">SOLICITUD DE INGRESO (MENORES DE EDAD)<\/a><a href=\"https:\/\/www.ejercito.mil.uy\/wp-content\/uploads\/2024\/12\/SOLICITUD-DE-INGRESO-MENORES-DE-EDAD.docx\" class=\"wp-block-file__button wp-element-button\" download aria-describedby=\"wp-block-file--media-9295596d-3d60-45ba-a08c-17ad27768782\">Descarga<\/a><\/div>\n\n\n\n<div style=\"height:33px\" aria-hidden=\"true\" class=\"wp-block-spacer\"><\/div>\n\n\n\n<div class=\"wp-block-file aligncenter\"><a id=\"wp-block-file--media-d4df2a21-223d-4bed-9570-87fcb2d2daad\" href=\"https:\/\/www.ejercito.mil.uy\/wp-content\/uploads\/2024\/12\/SOLICITUD-DE-INGRESO-MAYORES-DE-EDAD.docx\">SOLICITUD DE INGRESO (MAYORES DE EDAD)<\/a><a href=\"https:\/\/www.ejercito.mil.uy\/wp-content\/uploads\/2024\/12\/SOLICITUD-DE-INGRESO-MAYORES-DE-EDAD.docx\" class=\"wp-block-file__button wp-element-button\" download aria-describedby=\"wp-block-file--media-d4df2a21-223d-4bed-9570-87fcb2d2daad\">Descarga<\/a><\/div>\n\n\n\n<div style=\"height:33px\" aria-hidden=\"true\" class=\"wp-block-spacer\"><\/div>\n\n\n\n<div class=\"wp-block-file aligncenter\"><a id=\"wp-block-file--media-7722afac-f771-4764-81f3-51e1695f4032\" href=\"https:\/\/www.ejercito.mil.uy\/wp-content\/uploads\/2024\/12\/CONDICIONES-DE-INGRESO-EMUSE.pdf\">CONDICIONES DE INGRESO EMUSE<\/a><a href=\"https:\/\/www.ejercito.mil.uy\/wp-content\/uploads\/2024\/12\/CONDICIONES-DE-INGRESO-EMUSE.pdf\" class=\"wp-block-file__button wp-element-button\" download aria-describedby=\"wp-block-file--media-7722afac-f771-4764-81f3-51e1695f4032\">Descarga<\/a><\/div>\n\n\n\n<div style=\"height:33px\" aria-hidden=\"true\" class=\"wp-block-spacer\"><\/div>\n\n\n\n<div class=\"wp-block-file aligncenter\"><a id=\"wp-block-file--media-adae5970-1e70-4e6f-a8c5-68394e9d54f2\" href=\"https:\/\/www.ejercito.mil.uy\/wp-content\/uploads\/2024\/12\/PRUEBA-DE-EDUCACION-FISICA.pdf\">PRUEBA DE EDUCACI\u00d3N F\u00cdSICA<\/a><a href=\"https:\/\/www.ejercito.mil.uy\/wp-content\/uploads\/2024\/12\/PRUEBA-DE-EDUCACION-FISICA.pdf\" class=\"wp-block-file__button wp-element-button\" download aria-describedby=\"wp-block-file--media-adae5970-1e70-4e6f-a8c5-68394e9d54f2\">Descarga<\/a><\/div>\n\n\n\n<div style=\"height:33px\" aria-hidden=\"true\" class=\"wp-block-spacer\"><\/div>\n\n\n\n<div class=\"wp-block-file aligncenter\"><a id=\"wp-block-file--media-2bafea86-076c-448d-8e11-f639c3477783\" href=\"https:\/\/www.ejercito.mil.uy\/wp-content\/uploads\/2024\/12\/TEST-DE-COOPER.pdf\">TEST DE COOPER<\/a><a href=\"https:\/\/www.ejercito.mil.uy\/wp-content\/uploads\/2024\/12\/TEST-DE-COOPER.pdf\" class=\"wp-block-file__button wp-element-button\" download aria-describedby=\"wp-block-file--media-2bafea86-076c-448d-8e11-f639c3477783\">Descarga<\/a><\/div>\n\n\n\n<div style=\"height:66px\" aria-hidden=\"true\" class=\"wp-block-spacer\"><\/div>\n\n\n\n<div style=\"min-height:400px\" data-map-attr=\"\/qaddress\/q:\/qinsituto militar de las armas y especialidades, montevideo, uruguay\/q||\/qlat\/q:\/qundefined\/q||\/qlng\/q:\/qundefined\/q||\/qskin\/q:\/qstandard\/q||\/qzoom\/q:\/q12\/q||\/qiconSize\/q:\/q36\/q||\/qmapTypeControl\/q:\/qtrue\/q||\/qzoomControl\/q:\/qtrue\/q||\/qstreetViewControl\/q:\/qtrue\/q||\/qfullscreenControl\/q:\/qtrue\/q\" class=\"wp-block-coblocks-map\"><iframe title=\"Google Map\" frameborder=\"0\" style=\"width:100%;min-height:400px\" src=\"https:\/\/www.google.com\/maps?q=insituto%20militar%20de%20las%20armas%20y%20especialidades%2C%20montevideo%2C%20uruguay&amp;output=embed&amp;hl=es-UY&amp;z=12\"><\/iframe><\/div>\n\n\n\n<div style=\"height:100px\" aria-hidden=\"true\" class=\"wp-block-spacer\"><\/div>\n","protected":false},"excerpt":{"rendered":"<p>Vos pod\u00e9s ser M\u00fasico Militar Ingresar a la Escuela de M\u00fasicos del Ej\u00e9rcito \u00abMayor (BM) Duncan Sadi Baco\u00bb te permitir\u00e1 formarte en el nivel B\u00e1sico de Aprendiz (Nivel 1er a\u00f1o), lo que habilita posteriormente a capacitase como 2\u00ba Maestro y Maestro de Bandas Militares, culminar Bachillerato en UTU a trav\u00e9s de la tecnicatura en M\u00fasica <a href=\"https:\/\/www.ejercito.mil.uy\/index.php\/escuela-de-musicos-del-ejercito\/\" class=\"more-link\">&#8230;<span class=\"screen-reader-text\">  Escuela de M\u00fasicos del Ej\u00e9rcito<\/span><\/a><\/p>\n","protected":false},"author":3,"featured_media":0,"parent":0,"menu_order":0,"comment_status":"closed","ping_status":"closed","template":"","meta":{"_coblocks_attr":"","_coblocks_dimensions":"","_coblocks_responsive_height":"","_coblocks_accordion_ie_support":"","_monsterinsights_skip_tracking":false,"_monsterinsights_sitenote_active":false,"_monsterinsights_sitenote_note":"","_monsterinsights_sitenote_category":0,"_uf_show_specific_survey":0,"_uf_disable_surveys":false,"footnotes":""},"class_list":["post-286","page","type-page","status-publish","hentry"],"aioseo_notices":[],"_links":{"self":[{"href":"https:\/\/www.ejercito.mil.uy\/index.php\/wp-json\/wp\/v2\/pages\/286","targetHints":{"allow":["GET"]}}],"collection":[{"href":"https:\/\/www.ejercito.mil.uy\/index.php\/wp-json\/wp\/v2\/pages"}],"about":[{"href":"https:\/\/www.ejercito.mil.uy\/index.php\/wp-json\/wp\/v2\/types\/page"}],"author":[{"embeddable":true,"href":"https:\/\/www.ejercito.mil.uy\/index.php\/wp-json\/wp\/v2\/users\/3"}],"replies":[{"embeddable":true,"href":"https:\/\/www.ejercito.mil.uy\/index.php\/wp-json\/wp\/v2\/comments?post=286"}],"version-history":[{"count":27,"href":"https:\/\/www.ejercito.mil.uy\/index.php\/wp-json\/wp\/v2\/pages\/286\/revisions"}],"predecessor-version":[{"id":53782,"href":"https:\/\/www.ejercito.mil.uy\/index.php\/wp-json\/wp\/v2\/pages\/286\/revisions\/53782"}],"wp:attachment":[{"href":"https:\/\/www.ejercito.mil.uy\/index.php\/wp-json\/wp\/v2\/media?parent=286"}],"curies":[{"name":"wp","href":"https:\/\/api.w.org\/{rel}","templated":true}]}}