{"id":47855,"date":"2025-08-11T09:33:11","date_gmt":"2025-08-11T12:33:11","guid":{"rendered":"https:\/\/www.ejercito.mil.uy\/?page_id=47855"},"modified":"2026-03-13T13:57:07","modified_gmt":"2026-03-13T16:57:07","slug":"autoridades","status":"publish","type":"page","link":"https:\/\/www.ejercito.mil.uy\/index.php\/autoridades\/","title":{"rendered":"Autoridades"},"content":{"rendered":"\n<div style=\"height:11px\" aria-hidden=\"true\" class=\"wp-block-spacer\"><\/div>\n\n\n<div class=\"wp-block-image\">\n<figure class=\"aligncenter size-large\"><img fetchpriority=\"high\" decoding=\"async\" width=\"1024\" height=\"486\" src=\"https:\/\/www.ejercito.mil.uy\/wp-content\/uploads\/2025\/08\/Comando_acuarela-1024x486.jpg\" alt=\"\" class=\"wp-image-47877\" srcset=\"https:\/\/www.ejercito.mil.uy\/wp-content\/uploads\/2025\/08\/Comando_acuarela-1024x486.jpg 1024w, https:\/\/www.ejercito.mil.uy\/wp-content\/uploads\/2025\/08\/Comando_acuarela-300x142.jpg 300w, https:\/\/www.ejercito.mil.uy\/wp-content\/uploads\/2025\/08\/Comando_acuarela.jpg 1200w\" sizes=\"(max-width: 1024px) 100vw, 1024px\" \/><\/figure>\n<\/div>\n\n\n<div style=\"height:66px\" aria-hidden=\"true\" class=\"wp-block-spacer\"><\/div>\n\n\n\n<p class=\"has-black-color has-text-color has-link-color has-medium-font-size wp-elements-a5f410cb89d774380ed307d86a1f943f\"><strong><a href=\"https:\/\/www.ejercito.mil.uy\/index.php\/generales-del-ejercito-nacional\/\" title=\"\">Sres. Oficiales Generales del Ej\u00e9rcito Nacional<\/a><\/strong><\/p>\n\n\n\n<div style=\"height:22px\" aria-hidden=\"true\" class=\"wp-block-spacer\"><\/div>\n\n\n\n<p class=\"has-black-color has-text-color has-link-color has-medium-font-size wp-elements-ea210d942cf29cfdc7c6652e90d1d4d9\"><strong><a href=\"https:\/\/www.ejercito.mil.uy\/index.php\/relacion-de-autoridades\/\" title=\"\">Relaci\u00f3n de autoridades<\/a><\/strong><\/p>\n\n\n\n<div style=\"height:22px\" aria-hidden=\"true\" class=\"wp-block-spacer\"><\/div>\n\n\n\n<p class=\"has-black-color has-text-color has-link-color has-medium-font-size wp-elements-62c7f7d75b9ffd9831580aec7ed4eade\"><strong><a href=\"https:\/\/www.ejercito.mil.uy\/index.php\/curriculum-comandante\/\" data-type=\"link\" data-id=\"https:\/\/www.ejercito.mil.uy\/index.php\/curriculum-comandante\/\">Curr\u00edculum del Sr. Comandante en Jefe del Ej\u00e9rcito<\/a><\/strong><\/p>\n\n\n\n<div style=\"height:99px\" aria-hidden=\"true\" class=\"wp-block-spacer\"><\/div>\n\n\n\n<p><\/p>\n","protected":false},"excerpt":{"rendered":"<p>Sres. Oficiales Generales del Ej\u00e9rcito Nacional Relaci\u00f3n de autoridades Curr\u00edculum del Sr. Comandante en Jefe del Ej\u00e9rcito<\/p>\n","protected":false},"author":4,"featured_media":0,"parent":0,"menu_order":0,"comment_status":"closed","ping_status":"closed","template":"","meta":{"_coblocks_attr":"","_coblocks_dimensions":"","_coblocks_responsive_height":"","_coblocks_accordion_ie_support":"","_monsterinsights_skip_tracking":false,"_monsterinsights_sitenote_active":false,"_monsterinsights_sitenote_note":"","_monsterinsights_sitenote_category":0,"_uf_show_specific_survey":0,"_uf_disable_surveys":false,"footnotes":""},"class_list":["post-47855","page","type-page","status-publish","hentry"],"aioseo_notices":[],"_links":{"self":[{"href":"https:\/\/www.ejercito.mil.uy\/index.php\/wp-json\/wp\/v2\/pages\/47855","targetHints":{"allow":["GET"]}}],"collection":[{"href":"https:\/\/www.ejercito.mil.uy\/index.php\/wp-json\/wp\/v2\/pages"}],"about":[{"href":"https:\/\/www.ejercito.mil.uy\/index.php\/wp-json\/wp\/v2\/types\/page"}],"author":[{"embeddable":true,"href":"https:\/\/www.ejercito.mil.uy\/index.php\/wp-json\/wp\/v2\/users\/4"}],"replies":[{"embeddable":true,"href":"https:\/\/www.ejercito.mil.uy\/index.php\/wp-json\/wp\/v2\/comments?post=47855"}],"version-history":[{"count":20,"href":"https:\/\/www.ejercito.mil.uy\/index.php\/wp-json\/wp\/v2\/pages\/47855\/revisions"}],"predecessor-version":[{"id":56170,"href":"https:\/\/www.ejercito.mil.uy\/index.php\/wp-json\/wp\/v2\/pages\/47855\/revisions\/56170"}],"wp:attachment":[{"href":"https:\/\/www.ejercito.mil.uy\/index.php\/wp-json\/wp\/v2\/media?parent=47855"}],"curies":[{"name":"wp","href":"https:\/\/api.w.org\/{rel}","templated":true}]}}

<div style="height:11px" aria-hidden="true" class="wp-block-spacer"></div>


<div class="wp-block-image">
<figure class="aligncenter size-large"><img fetchpriority="high" decoding="async" width="1024" height="486" src="https://www.ejercito.mil.uy/wp-content/uploads/2025/08/Comando_acuarela-1024x486.jpg" alt="" class="wp-image-47877" srcset="https://www.ejercito.mil.uy/wp-content/uploads/2025/08/Comando_acuarela-1024x486.jpg 1024w, https://www.ejercito.mil.uy/wp-content/uploads/2025/08/Comando_acuarela-300x142.jpg 300w, https://www.ejercito.mil.uy/wp-content/uploads/2025/08/Comando_acuarela.jpg 1200w" sizes="(max-width: 1024px) 100vw, 1024px" /></figure>
</div>


<div style="height:66px" aria-hidden="true" class="wp-block-spacer"></div>



<p class="has-black-color has-text-color has-link-color has-medium-font-size wp-elements-a5f410cb89d774380ed307d86a1f943f"><strong><a href="https://www.ejercito.mil.uy/index.php/generales-del-ejercito-nacional/" title="">Sres. Oficiales Generales del Ejército Nacional</a></strong></p>



<div style="height:22px" aria-hidden="true" class="wp-block-spacer"></div>



<p class="has-black-color has-text-color has-link-color has-medium-font-size wp-elements-ea210d942cf29cfdc7c6652e90d1d4d9"><strong><a href="https://www.ejercito.mil.uy/index.php/relacion-de-autoridades/" title="">Relación de autoridades</a></strong></p>



<div style="height:22px" aria-hidden="true" class="wp-block-spacer"></div>



<p class="has-black-color has-text-color has-link-color has-medium-font-size wp-elements-62c7f7d75b9ffd9831580aec7ed4eade"><strong><a href="https://www.ejercito.mil.uy/index.php/curriculum-comandante/" data-type="link" data-id="https://www.ejercito.mil.uy/index.php/curriculum-comandante/">Currículum del Sr. Comandante en Jefe del Ejército</a></strong></p>



<div style="height:99px" aria-hidden="true" class="wp-block-spacer"></div>



<p></p>

<p>Sres. Oficiales Generales del Ejército Nacional Relación de autoridades Currículum del Sr. Comandante en Jefe del Ejército</p>
